**y - 2*a**2 - a**3 - 2*a**2 + 2. List the prime factors of d(2).
2, 3
Let a(y) = y + 6. Let v be a(-7). Let j be 1 + (1 - -1) - v. Suppose -j*k - s = -52 + 16, -4*k = -2*s - 24. List the prime factors of k.
2
Let p be 2 + (-2)/(1 + 0). Suppose p = 4*x - 15 - 101. What are the prime factors of x?
29
Let c(n) = -n + 2. Let o be c(4). Let f be 2 + o + -2 - -11. Suppose 24 = 3*d - f. List the prime factors of d.
11
Let v(b) = b**3 - 6*b**2 + 7*b - 6. Let g be v(5). Let u = 10 - g. List the prime factors of u.
2, 3
Let a be ((-45)/20)/((-6)/16). Suppose -m - a + 15 = 0. List the prime factors of m.
3
Let n(l) = -l**2 + 7*l + 1. Suppose 3*k + 5 = 4*k. What are the prime factors of n(k)?
11
Let x = -59 + 99. What are the prime factors of x?
2, 5
Let x be (-22)/12 - 3/18. What are the prime factors of -1 - -4 - (x - 49)?
2, 3
Suppose -492 = t - 5*t - 4*w, 3*t = 4*w + 355. List the prime factors of t.
11
Let d = 20 + -11. What are the prime factors of d?
3
Let l = 305 + -147. What are the prime factors of l?
2, 79
Suppose -24 = -4*n + n. Let i = 10 - n. Suppose 0*m - i*m + 18 = 0. List the prime factors of m.
3
Let p = 11 - 4. Suppose 0 = 3*m + 5*j + p, 4*j - 8 - 2 = -5*m. List the prime factors of m.
2, 3
Let g(w) = w**3 - 14*w**2 - 3. Let n be g(14). What are the prime factors of n/9 + (-456)/(-18)?
5
List the prime factors of 2/4*1188/9.
2, 3, 11
Let a be (-276)/(-66) - 4/22. Suppose a*h = x - 0*h + 1, -15 = -5*h. List the prime factors of x.
11
Let y = -15 - -15. Suppose 0 = -y*c - 2*c + 24. What are the prime factors of c?
2, 3
Let c be 3*(-5)/(15/(-8)). Suppose 3*d = -4*f - 2*d + 2, 4*f + 2*d = c. What are the prime factors of f?
3
Let w = -49 + 76. List the prime factors of w.
3
Let i = 0 + 4. Let t = i - -3. List the prime factors of t.
7
Let y = -40 - -61. Suppose -3*h + 9 = -0*h, -a + y = 3*h. List the prime factors of a.
2, 3
Suppose 0 = 3*s + 33 - 129. Let y = -12 + s. List the prime factors of y.
2, 5
Let g(f) be the first derivative of f**4/12 - 2*f**3/3 - 3*f**2/2 - 4*f - 2. Let m(i) be the first derivative of g(i). List the prime factors of m(6).
3
Let l(s) be the third derivative of -s**4/8 - s**3/6 + s**2. Let r(f) = f**2 - 2*f - 1. Let c be r(2). List the prime factors of l(c).
2
Let r = 18 - 4. What are the prime factors of r?
2, 7
Suppose 0 = 2*g + 15 - 1. What are the prime factors of (g + 0)/(-6 - -5)?
7
Let l = 56 + -7. What are the prime factors of l?
7
Let r = 6 + -2. Let x = 8 + -6. Suppose 5*w + 22 = x*p + w, -r*p + 2*w + 32 = 0. What are the prime factors of p?
7
Suppose -4*j = -9*j - 4*q + 35, 4*j = -3*q + 27. Suppose -4*t = -j*m + 26, -4*t + 18 - 2 = 0. What are the prime factors of m?
2, 7
Suppose 4*i - 740 = -4*u, -2*u = 5*i + 203 - 1113. What are the prime factors of i?
2, 3, 5
Suppose 0*f + 236 = -2*f. Let o = -80 - f. What are the prime factors of o?
2, 19
Let o = 8 - -83. Suppose o = 5*j + 6. List the prime factors of j.
17
What are the prime factors of -4*(-11 + -2) + (1 - 0)?
53
Let m be 1 + (-1)/((-1)/(-6)). Let f be (-1 + 2)/(m/(-15)). Suppose -2*j + f*j - 2*p = 0, 0 = -3*j + p + 15. List the prime factors of j.
2, 3
Suppose 0 = 5*k - 17 - 73. Let p(j) = j**3 + 7*j**2 - 10*j - 12. Let h be p(-8). Suppose 0 = h*y - y - k. What are the prime factors of y?
2, 3
List the prime factors of 199/3 - 8/(-12).
67
Let b = 61 - 103. Let r be 3/12 - b/(-8). Let c = r + 8. List the prime factors of c.
3
Let u(p) be the second derivative of -p**3/2 + 2*p. List the prime factors of u(-4).
2, 3
Let s be (-1)/4 - 100/(-16). Suppose a + 3*z - s = 14, z + 30 = 3*a. List the prime factors of a.
11
What are the prime factors of 1302/35 + (-4)/(-5)?
2, 19
Let g(s) = -s**3 - 5*s**2 - 5*s + 4. Suppose 0 = -2*b - 2*b - 24. Let y(l) = -1. Let i(u) = b*y(u) - g(u). What are the prime factors of i(-3)?
5
Suppose -20 = -6*i + i. Let t = i - 2. What are the prime factors of t/(-2 - 22/(-10))?
2, 5
Suppose 13*d - 8*d - 165 = 0. What are the prime factors of d?
3, 11
Let q = -20 + -16. List the prime factors of ((-1)/3)/(3/q).
2
Let p = -9 + 25. List the prime factors of (-4)/p - 49/(-4).
2, 3
What are the prime factors of 36/24 + (-90)/(-4)?
2, 3
Let q be 2 + (0 + 12)/4. Suppose -q*r = -110 - 10. What are the prime factors of r?
2, 3
Let m(t) = -t**3 + 5*t**2 - 3*t - 2. Let d be m(3). List the prime factors of ((-4)/(-2))/(1/d).
2, 7
Let j = -2 + 7. Suppose -j*m = 7 - 62. List the prime factors of m.
11
Let f = 2 - 1. Let i be f/(-2 - 10/(-4)). What are the prime factors of i*1*(3 + 2)?
2, 5
Suppose 3*r + 110 = 5*r. List the prime factors of r.
5, 11
Let u(y) = y**3 + 9*y**2 - 6*y - 9. List the prime factors of u(-9).
3, 5
Let m(p) = p**2 - 7*p - 8. Let h be m(8). Suppose z - 14 = 3*y, 0 = -2*y - h*y - 8. What are the prime factors of 9/z*(-28)/(-21)?
2, 3
Let r(c) = c**2 - 7*c - 7. Let g be r(8). Suppose 3 = h - g. List the prime factors of h.
2
Let n = 3 + -1. Suppose n*x = 2 - 8. Let b(j) = -3*j + 3. List the prime factors of b(x).
2, 3
Suppose -l = 69 - 393. List the prime factors of l.
2, 3
Suppose -27 = -2*p - p. Suppose 2*k - p = 5*k, 2*k = -2*w + 18. What are the prime factors of w?
2, 3
Let t(z) = z**2 + 6*z - 2. Let y be t(-6). List the prime factors of (5/(-2) - y)*-16.
2
Suppose 45 + 52 = f. What are the prime factors of f?
97
Let s(h) = -21*h. Let l be s(5). Let t be (-12)/8 + l/(-6). Suppose a + i - 12 + 5 = 0, 2*a + 3*i = t. What are the prime factors of a?
5
Suppose z - 736 = -5*o, z + 58 = o - 94. List the prime factors of o.
2, 37
Let k(r) = -r**2 + r + 10. Let b be (5/((-15)/6))/2. Let m be 1*(0 - b) + -1. List the prime factors of k(m).
2, 5
Suppose 0 = 3*a - 420 - 453. What are the prime factors of a?
3, 97
Let f(u) = -6*u + 9. What are the prime factors of f(-6)?
3, 5
Let x(a) = 4*a + 9. Let b(t) = -21*t - 45. Let m(u) = -2*b(u) - 11*x(u). What are the prime factors of m(-7)?
5
Let c(i) = i**2 + 4*i - 7. Let z(p) = 4*p**2 + 16*p - 28. Let n(m) = -9*c(m) + 2*z(m). List the prime factors of n(-5).
2
Let s(a) = -2*a**3 - 2*a**2 - 2*a + 1. List the prime factors of s(-2).
13
Let o(u) = u + 2. Let f be o(7). Let p be f/(-7) + 6/21. Let a(s) = 5*s**2 - s - 1. List the prime factors of a(p).
5
List the prime factors of ((-312)/28)/(4/(-14)).
3, 13
Let l(t) = 5*t - 1. What are the prime factors of l(1)?
2
Suppose -4 + 1 = -f. Suppose -5*h + 3*n + 49 = 7, 28 = f*h + n. List the prime factors of h.
3
Let t(p) = 12*p - 2. What are the prime factors of t(1)?
2, 5
Suppose 0 = -2*j + 8 + 2. Let m(a) = a**2 - 3*a - 5. Let f be m(j). Suppose -w + 18 = -5*r, -4*w + 32 = -f*r + 5. What are the prime factors of w?
3
Suppose -22*y = -27*y + 605. List the prime factors of y.
11
Let m(w) = -8*w - 5*w + 1 - 2. Suppose g - 6*g = 4*p + 19, -g = 5*p + 8. List the prime factors of m(p).
2, 3
Let d be -2 + -2 + -3 + 1. Let w = d + 18. What are the prime factors of w?
2, 3
Suppose -k + 5*k = 8. Suppose k*b + 6 = -q, -5*b - 18 + 6 = 4*q. List the prime factors of (b - -5)/((-1)/(-5)).
5
Let v(o) = o + 15. Suppose 20 = -4*c - 8. List the prime factors of v(c).
2
Let c = 20 - -12. What are the prime factors of c?
2
Let l be 8/16 + (-1)/2. Suppose 0 = 5*f + s - 134, -2*s - 4 + 2 = l. What are the prime factors of f?
3
Let i be (0 + 0)/1*-1. Let v = 5 - i. List the prime factors of v.
5
Let j be (-32)/(-3)*9/6. Let t be j/3 - 2/6. Suppose 25 = 4*l - l - 4*m, 4*m + 55 = t*l. What are the prime factors of l?
3, 5
Let d(b) = b**2 + 1. List the prime factors of d(-2).
5
Suppose -3*n = -2*f + 11 + 6, 0 = -2*n - 4*f - 6. Suppose -8*v + 11*v = 60. Let u = n + v. List the prime factors of u.
3, 5
Let y(v) = -22*v - 66. List the prime factors of y(-8).
2, 5, 11
Suppose 5*y - 50 = -10. Let n = 3 - 6. What are the prime factors of n - -4 - y*-1?
3
Suppose -5*w = -3*z - 0*w + 11, 0 = -3*z + 2*w + 8. Suppose -3*f - f - i + 22 = 0, 0 = z*i + 4. What are the prime factors of f?
2, 3
Let j(r) = -31*r + 21. List the prime factors of j(-5).
2, 11
Let n(s) be the third derivative of 0 + 0*s**3 + 2*s**2 + 0*s + 1/8*s**4. What are the prime factors of n(1)?
3
Let w = 1 - 0. Let p(y) = 15*y**2 - y + 1. Let f be p(w). Suppose 3*z = z + b + f, -5*b - 33 = -3*z. What are the prime factors of z?
2, 3
Suppose -2 = h - 20. List the prime factors of h.
2, 3
Suppose -2*u - 82 = 